+ -644. What are the prime factors of n?
5, 89
Let q = -159 + 276. List the prime factors of (-26)/q + (-344)/(-9).
2, 19
Suppose -9*o + 6*o = 9, 3*h - 51 = -3*o. List the prime factors of h.
2, 5
Suppose -c = 4*c - 145. Let i = c + 6. What are the prime factors of i?
5, 7
Let a(d) be the third derivative of 3*d**2 + 1/12*d**5 - 1/120*d**6 + 0*d + 1/3*d**3 + 0 + 1/24*d**4. List the prime factors of a(5).
7
Suppose 0 = -4*a - i + 29, 0 = -3*a - i + 9 + 14. Suppose 0 = -2*w - 0*w - a. Let h = 2 - w. What are the prime factors of h?
5
Suppose 3*i - 9 + 0 = 0. Suppose w - 160 = -i*w. What are the prime factors of w?
2, 5
Let r = 269 - 179. List the prime factors of r.
2, 3, 5
Let j(q) = -q**3 + 4*q**2 + 3. Let i be j(4). Suppose i*v - 5 = -8. What are the prime factors of (-16 - -1)*(v - 0)?
3, 5
Suppose -b + 2 = -0*b. Let q = -13 - -13. Let h = q + b. List the prime factors of h.
2
Suppose -3*d + 408 = -213. List the prime factors of d.
3, 23
Let q(y) = 3*y**3 - y**2 - y. Let u be q(-1). Let t = 0 - u. Suppose -3*j + 5*n = -29, -t*n = -2*n - 2. List the prime factors of j.
13
Suppose -15 = 5*m - 125. List the prime factors of m.
2, 11
Let c(l) be the first derivative of -l**3/3 + l - 1. Let t be c(1). Suppose 5*j - 4*o - 35 = t, 0 = -4*o - o + 25. What are the prime factors of j?
11
Let q(o) = o**3 - 7*o**2 - 3*o + 12. Let r be q(9). List the prime factors of (-1)/(-2) + r/6.
5
Let a(f) = 5*f**2 + 3*f + 3. Let q(n) = 3*n**2 + n + 2. Let i(b) = 4*a(b) - 7*q(b). List the prime factors of i(4).
2
Suppose 150 = -l + 6*l. Suppose 4*f - 28 = -4*z, 0*f - 22 = -3*z - 2*f. Suppose 0 = 2*d - z - l. What are the prime factors of d?
19
Suppose 2*b - 5*q = b + 16, -3*b + 72 = -3*q. What are the prime factors of b?
2, 13
Let z(q) = q - 6. Let f be z(6). Suppose f = 2*p + 4*m - 48, p + m = 20 - 1. What are the prime factors of p?
2, 7
Suppose -4*v + v + 6 = 0. Let q be (-18)/(-3)*2/3. Suppose -v - q = -z. What are the prime factors of z?
2, 3
Let w(t) be the third derivative of -t**4/24 + t**3/2 + t**2. List the prime factors of w(-4).
7
Suppose -4*v = -v - 255. What are the prime factors of v?
5, 17
Suppose 285 = 4*q + 25. Suppose 0 = 3*j - 8*j + q. Suppose l + c = j, -l + 6*l = -3*c + 59. List the prime factors of l.
2, 5
Suppose -3*x + 71 + 94 = 0. Suppose -4*d = d + x. Let w = 17 + d. What are the prime factors of w?
2, 3
Let n(o) = -o**3 - 5*o**2 - 2*o - 7. Let m be n(-5). Let q be m*1*(-2)/(-3). Suppose 12 = -q*w + 6*w. What are the prime factors of w?
3
Let c = 42 - -370. List the prime factors of c.
2, 103
Suppose 2*f + 3*j + 12 = -j, -5*f + 3*j = -22. Suppose 0 = -4*n + f - 18. What are the prime factors of (-68)/(-6) + n/(-6)?
2, 3
Let a = 26 + -17. Let m = a - 3. Let j = m - 1. What are the prime factors of j?
5
Let o(t) = -t + 20. Let j be o(16). Suppose j*p = 20, -3*h + 43 = -2*h + 3*p. List the prime factors of h.
2, 7
Let h(f) be the third derivative of -f**5/60 - 17*f**4/24 + f**3/2 + 3*f**2. List the prime factors of h(-14).
3, 5
Let c(g) = g**3 - 6*g**2 + g - 2. Let d be c(6). Suppose -d*y - 3*w + 19 = 0, -2*w - 18 = -5*y - 0*w. Suppose y*s - 16 = -0*s. What are the prime factors of s?
2
Let d(f) = f**2 + 3*f - 1. Let c be d(-5). Suppose 3*y = -5*g + c, 3*y = 4*g - 11 - 7. Suppose 7 + g = 5*k. What are the prime factors of k?
2
Let w = -52 - -80. What are the prime factors of w?
2, 7
Suppose 0 = -2*g - 2*j + 4*j + 36, 66 = 2*g + 4*j. List the prime factors of g.
23
Let r(q) = -3*q**3 - 2*q**2 + 3*q + 2. Let s be r(-3). Suppose 0*z + 4*z - s = 0. What are the prime factors of z?
2, 7
Suppose -n + 4*m + 228 + 81 = 0, -3*m + 1545 = 5*n. List the prime factors of n.
3, 103
Let l(p) = 3*p - 29. List the prime factors of l(11).
2
Suppose 5*b - 19 = p, 0 = -3*b - 2*b - p + 21. Let r = 9 - b. List the prime factors of r.
5
Suppose -4*p = -2*o + 366, 5*o - 5*p - 939 = -p. What are the prime factors of o?
191
Let n be (-3)/36*-4*-3. Let f = 29 + n. What are the prime factors of f?
2, 7
Suppose 9 = 3*i, 5*v - 3*i - 40 = 2*i. Suppose -l = -6 - v. List the prime factors of l.
17
Let q be (-6)/(-21) + 351/21. Let h be q/5 + (-8)/20. Suppose -m - 3*x = -0*m, 0 = h*x + 6. What are the prime factors of m?
2, 3
Let r(v) = 2*v**2 + 17*v + 11. Let s(z) = 3*z**2 + 25*z + 17. Let a(o) = -7*r(o) + 5*s(o). Let x(t) = t - 6. Let j be x(0). List the prime factors of a(j).
2
What are the prime factors of ((-27)/(-12))/(1*(-9)/(-888))?
2, 3, 37
Suppose 3*a + 0*a - 47 = h, 3*a = -2*h + 32. List the prime factors of a.
2, 7
Let v(p) = p - 2. Let k be v(-2). Let i(r) = -r**2 + 9*r - 5. Let z be i(8). List the prime factors of 2*(z + (-26)/k).
19
Let z(k) = -2*k - 10. Let j be z(-7). Suppose r + r = j*v - 168, -20 = -v - 5*r. List the prime factors of v.
2, 5
Let f(b) = -3*b - 4. Let v be f(-5). Suppose 6*i + 55 = v*i. List the prime factors of i.
11
What are the prime factors of -4 - 78*(-1 - 0)?
2, 37
Let m = -186 - -338. Suppose 3*f - m = -f. What are the prime factors of f?
2, 19
Let y(n) = -8 - 8*n - 1 + 7*n. Let q be y(-8). List the prime factors of q + (-1 + 3)*5.
3
Let p(n) = 38*n**2 + n - 3. Let h be p(-2). Let z = -102 + h. List the prime factors of z.
3, 5
Suppose 0 = 5*f - 130 - 75. Let l = f + 1. What are the prime factors of l?
2, 3, 7
Suppose -2*i + i = -k + 9, -85 = -5*k - 3*i. What are the prime factors of k?
2, 7
Let p = 66 - 40. What are the prime factors of p?
2, 13
List the prime factors of ((-80)/25)/((-6)/75).
2, 5
Let i = 1 - -45. What are the prime factors of i?
2, 23
Suppose -8*x = -3*x. Suppose -j + 5 = 0, -3*n - 2*j = -x*j - 16. Suppose 0 = -b + 19 - n. List the prime factors of b.
17
Suppose -4256 = -7*g + 1141. What are the prime factors of (-6)/15 - g/(-15)?
3, 17
Let y(z) = -2*z - 6. Let p(a) = -a**2 + 4*a + 7. Let k be p(6). List the prime factors of y(k).
2
List the prime factors of ((-16)/2)/((-4)/16).
2
Suppose 0 = 2*q - 51 + 7. List the prime factors of q.
2, 11
Suppose 0 = -2*x + 7 - 19. What are the prime factors of 4/(-2)*15/x?
5
Let s(o) = o**3 - 2*o**2 - 7*o - 2. Let p be s(5). Suppose 2 = -2*x + p. Suppose -3*d + x = -d. List the prime factors of d.
3
Let m(i) = -3*i**2 + 4*i - 3. Let x be m(2). Let h = 11 + x. List the prime factors of h.
2
Suppose -l + 4*l + 115 = 5*k, -3*k - 5*l = -35. List the prime factors of k.
2, 5
Suppose 2*c + 2*c - 16 = 0. Suppose -9*d + c*d = -120. List the prime factors of d.
2, 3
Suppose 4*l = 2*f - 0*l - 282, -441 = -3*f - 3*l. Suppose f = 4*y - 75. List the prime factors of y.
5, 11
Let i(g) = -g**2 - 7*g + 10. What are the prime factors of i(-8)?
2
Let q be (27/3)/(-3) - -15. Suppose 5*o + l - 60 = 0, 3*o + l - 26 = q. What are the prime factors of o?
11
Let i = 98 + -68. List the prime factors of i.
2, 3, 5
List the prime factors of -130*((-26)/(-10) - 3).
2, 13
Suppose -s = -2*l - 3*l + 12, 4*s = 12. What are the prime factors of ((-2)/(-6))/(l/18)?
2
Suppose 2*y = 3*y - 3. Suppose -5*a + 153 = y. What are the prime factors of a?
2, 3, 5
Suppose -4*v + 0*v = -8. Let a = v - 1. Let g(r) = 2*r**3 + r**2 + r - 1. List the prime factors of g(a).
3
Let h(p) = -6*p**3 + 1. Let s(z) = z**3 + 2*z**2 - 2*z + 2. Let b be s(-3). Let c be h(b). What are the prime factors of 6/c*7*1?
2, 3
Suppose -5*x + 6 = 1. What are the prime factors of x + 70/2 + -3?
3, 11
Suppose 594 = 2*q - 5*u, -3*q = u - 701 - 156. List the prime factors of q.
7, 41
Suppose -4*v + 16 = -4. Suppose 23 = 2*y - v. What are the prime factors of y/(-3)*18/(-7)?
2, 3
Suppose 0 = -2*h + 3*h - 9. Suppose 5*d + 70 = 5*j, 0 = -h*j + 4*j - 10. Let x = -8 - d. List the prime factors of x.
2
Let f(d) be the third derivative of d**6/120 - d**5/15 + d**4/8 - d**3/3 + 3*d**2. Let u be f(5). Let v = -27 + u. List the prime factors of v.
11
Let u = 7 - 12. Let t = u - -9. Let x = 4 + t. List the prime factors of x.
2
Let x(b) = -6*b - 4. Let a be x(-6). Let w = a - 16. List the prime factors of w.
2
Let b(t) = -t**3 + 17*t**2 - 8*t + 4. List the prime factors of b(16).
2, 3, 11
Let a = 3 + 16. What are the prime factors of a?
19
Suppose 5*p = 2 + 8. Let f be 3/(-12)*-42*p. What are the prime factors of (f + 0)*2/6?
7
Suppose 2*q + 2*q - 36 = 0. Let v = -4 + q. Suppose -16 = -v*n - 6. List the prime factors of n.
2
Let z(t) = -9*t + 3. Let x be z(3).